alse
Is 5082 a multiple of 22?
True
Does 20 divide 664?
False
Does 23 divide 37?
False
Does 6 divide 558?
True
Is 40068 a multiple of 7?
True
Is 846 a multiple of 151?
False
Is 5244 a multiple of 4?
True
Is 43 a factor of 18619?
True
Is 13 a factor of 66324?
False
Is 700 a multiple of 25?
True
Is 4316 a multiple of 4?
True
Is 809 a multiple of 32?
False
Is 28 a factor of 102900?
True
Is 1722 a multiple of 14?
True
Is 855 a multiple of 5?
True
Is 10 a factor of 60?
True
Is 669 a multiple of 32?
False
Does 10 divide 1538?
False
Does 81 divide 8869?
False
Is 10899 a multiple of 11?
False
Does 3 divide 3080?
False
Does 21 divide 336?
True
Does 6 divide 168?
True
Is 6 a factor of 461?
False
Is 15 a factor of 29976?
False
Is 6 a factor of 246?
True
Is 146 a multiple of 24?
False
Does 16 divide 11360?
True
Does 2 divide 123?
False
Is 4893 a multiple of 233?
True
Does 13 divide 1599?
True
Does 44 divide 968?
True
Is 9 a factor of 98?
False
Is 25 a factor of 5699?
False
Is 9 a factor of 1270?
False
Is 260 a factor of 14300?
True
Is 33 a factor of 678?
False
Does 3 divide 154?
False
Is 13 a factor of 7423?
True
Is 120843 a multiple of 7?
False
Does 182 divide 3276?
True
Is 1588 a multiple of 60?
False
Is 9555 a multiple of 15?
True
Is 142576 a multiple of 67?
True
Does 12 divide 4809?
False
Does 45 divide 7515?
True
Is 24 a factor of 168?
True
Is 2025 a multiple of 27?
True
Does 96 divide 3552?
True
Does 21 divide 1385?
False
Is 594 a multiple of 3?
True
Is 90 a multiple of 18?
True
Is 61047 a multiple of 51?
True
Is 43 a factor of 74519?
True
Is 157 a multiple of 8?
False
Is 24300 a multiple of 15?
True
Does 33 divide 5252?
False
Is 1178 even?
True
Does 26 divide 3706?
False
Is 8 a factor of 5453?
False
Is 5472 even?
True
Is 14328 a multiple of 8?
True
Is 20 a factor of 8500?
True
Does 14 divide 442?
False
Is 4 a factor of 10324?
True
Is 5552 a multiple of 4?
True
Is 328 a factor of 29757?
False
Is 6167 a multiple of 13?
False
Is 2942 a multiple of 13?
False
Does 12 divide 6732?
True
Is 49 a factor of 6012?
False
Is 4160 a multiple of 40?
True
Is 21560 a multiple of 11?
True
Is 1200 a multiple of 6?
True
Is 10309 a multiple of 50?
False
Does 12 divide 204?
True
Is 47 a factor of 6768?
True
Does 6 divide 48286?
False
Does 15 divide 29994?
False
Is 1290 a multiple of 14?
False
Is 35 a factor of 980?
True
Does 10 divide 35570?
True
Does 201 divide 4020?
True
Is 26 a factor of 936?
True
Is 41 a factor of 82574?
True
Does 4 divide 2135?
False
Does 17 divide 3311?
False
Is 89 a multiple of 16?
False
Is 7 a factor of 343?
True
Is 4279 a multiple of 389?
True
Is 70 a factor of 630?
True
Is 648 a multiple of 12?
True
Is 668 a multiple of 11?
False
Is 3047 a multiple of 11?
True
Is 124 a multiple of 8?
False
Does 154 divide 19807?
False
Is 4412 a multiple of 70?
False
Is 27 a factor of 4752?
True
Is 1722 a multiple of 41?
True
Is 1396 a multiple of 41?
False
Is 1170 a multiple of 13?
True
Is 41515 a multiple of 10?
False
Is 526 a multiple of 10?
False
Is 143 a factor of 7722?
True
Is 3638 a multiple of 17?
True
Does 86 divide 10920?
False
Is 276 a multiple of 12?
True
Is 13 even?
False
Is 19709 a multiple of 40?
False
Is 9372 a multiple of 44?
True
Is 640 a multiple of 90?
False
Is 18928 a multiple of 28?
True
Does 19 divide 244?
False
Is 1326 a multiple of 55?
False
Is 4944 a multiple of 103?
True
Is 13020 a multiple of 14?
True
Is 2 a factor of 4102?
True
Is 700 a multiple of 2?
True
Is 1339 a multiple of 103?
True
Is 775 a multiple of 31?
True
Is 2343 a multiple of 58?
False
Is 2660 a multiple of 2?
True
Is 16368 a multiple of 24?
True
Is 10551 a multiple of 12?
False
Is 10660 a multiple of 164?
True
Is 2541 a multiple of 22?
False
Does 26 divide 12063?
False
Is 10 a factor of 1010?
True
Does 20 divide 3160?
True
Does 13 divide 1053?
True
Does 8 divide 38?
False
Is 869 a multiple of 5?
False
Does 41 divide 16137?
False
Is 87 a factor of 6828?
False
Is 20 a factor of 212?
False
Is 24 a factor of 2280?
True
Does 14 divide 14523?
False
Does 27 divide 7911?
True
Does 53 divide 689?
True
Does 12 divide 13545?
False
Is 87175 a multiple of 25?
True
Is 97 a multiple of 4?
False
Is 49 a factor of 14665?
False
Is 9 a factor of 74?
False
Is 9 a factor of 666?
True
Is 25 a factor of 300?
True
Does 23 divide 22056?
False
Does 16 divide 622?
False
Does 187 divide 20671?
False
Is 747 a multiple of 39?
False
Does 16 divide 1689?
False
Is 19 a factor of 810?
False
Is 52 a factor of 16744?
True
Is 182 a multiple of 26?
True
Is 14 a factor of 2366?
True
Is 28 a factor of 2563?
False
Is 9703 a multiple of 26?
False
Is 11 a factor of 9449?
True
Is 968 a multiple of 22?
True
Is 1191 a multiple of 11?
False
Is 20 a factor of 1362?
False
Does 38 divide 947?
False
Is 10930 a multiple of 94?
False
Does 144 divide 5178?
False
Does 36 divide 328?
False
Does 16 divide 1859?
False
Is 50 a multiple of 2?
True
Is 30 a factor of 6600?
True
Does 20 divide 5360?
True
Does 107 divide 8749?
False
Does 5 divide 904?
False
Is 105 a multiple of 7?
True
Does 3 divide 113?
False
Is 13 a factor of 593?
False
Is 2 a factor of 75?
False
Is 12 a factor of 20051?
False
Does 155 divide 48205?
True
Does 94 divide 49770?
False
Is 311 a multiple of 3?
False
Is 76 a multiple of 5?
False
Is 3751 a multiple of 7?
False
Is 22 a factor of 616?
True
Is 5 a multiple of 5?
True
Is 12 a factor of 3147?
False
Does 12 divide 1026?
False
Is 520 a multiple of 52?
True
Is 176 a factor of 22125?
False
Does 17 divide 2350?
False
Is 9 a factor of 3474?
True
Does 6 divide 314?
False
Does 20 divide 6349?
False
Does 2 divide 1032?
True
Is 738 a multiple of 2?
True
Is 3 a factor of 978?
True
Is 6904 a multiple of 8?
True
Is 90 a multiple of 5?
True
Does 11 divide 1913?
False
Does 11 divide 88?
True
Is 28 a factor of 560?
True
Does 22 divide 946?
True
Is 47 a factor of 7238?
True
Is 2430 a multiple of 4?
False
Is 4 a factor of 100?
True
Does 178 divide 24208?
True
Is 15 a factor of 6390?
True
Is 5 a factor of 1290?
True
Is 6340 a multiple of 3?
False
Does 125 divide 2750?
True
Is 146540 a multiple of 9?
False
Is 8 a factor of 4584?
True
Does 74 divide 22348?
True
Is 2185 a multiple of 95?
True
Is 15 a factor of 14100?
True
Does 17 divide 1139?
True
Does 4 divide 164?
True
Is 45 a factor of 1170?
True
Is 5772 a multiple of 24?
False
Is 4675 a multiple of 12?
False
Does 11 divide 10705?
False
Is 4022 a multiple of 133?
False
Is 11 a factor of 2227?
False
Is 66 a multiple of 33?
True
Is 13 a factor of 4796?
False
Is 1748 a multiple of 46?
True
Is 2987 even?
False
Does 9 divide 639?
True
Is 1559 a multiple of 55?
False
Is 19 a factor of 494?
True
Is 2610 a multiple of 9?
True
Does 164 divide 2431?
False
Is 4923 a multiple of 80?
False
Does 20 divide 67200?
True
Is 982 a multiple of 19?
False
Does 98 divide 1695?
False
Is 2357 a multiple of 9?
False
Does 7 divide 5223?
False
Is 10064 a multiple of 16?
True
Is 736 a multiple of 9?
False
Is 52 a factor of 1793?
False
Is 9 a factor of 621?
True
Is 611 a multiple of 22?
False
Does 375 divide 52816?
False
Does 9 divide 117?
True
Is 13 a factor of 120?
False
Is 9 a factor of 13788?
True
Is 12 a factor of 371?
False
Is 97 a factor of 5416?
False
Does 37 divide 1904?
False
Does 24 divide 7152?
True
Is 13 a factor of 6672?
False
Is 16 a factor of 144?
True
Is 396 a multiple of 6?
True
Is 27255 a multiple of 115?
True
Does 14 divide 672?
True
Is 31 a factor of 682?
True
Is 75 a factor of 2025?
True
Does 9 divide 36063?
True
Does 4 divide 440?
True
Is 21456 a multiple of 8?
True
Is 2 a factor of 149?
False
Is 10893 a multiple of 9?
False
Is 2532 a multiple of 12?
True
Is 3744 a multiple of 18?
True
Is 452 a multiple of 3?
False
Does 36 divide 5544?
True
Does 23 divide 2484?
True
Does 114 divide 46628?
False
Is 291 a multiple of 71?
False
Is 1320 a multiple of 20?
True
Does 29 divide 17487?
True
Does 21 divide 26901?
True
Is 314 a multiple of 10?
False
Is 286 a multiple of 39?
False
Is 7212 a multiple of 41?
False
Is 12144 a multiple of 276?
True
Is 16 a factor of 5264?
True
Is 73171 a multiple of 16?
False
Is 16 a factor of 7017?
False
Does 16 divide 3629?
False
Does 80 divide 80?
True
Is 743 a multiple of 2?
False
Is 614 a multiple of 3?
False
Is 20 a factor of 11313?
False
Is 30 a factor o